tor of 897 and 221891189.
299
Calculate the greatest common divisor of 4092 and 4833334.
682
What is the greatest common divisor of 3040659 and 351?
27
Calculate the greatest common divisor of 91405648 and 3341.
257
What is the highest common divisor of 220048650 and 540?
270
Calculate the highest common factor of 7180164 and 267426.
1494
What is the greatest common divisor of 745425 and 1196325?
225
What is the greatest common divisor of 1277700 and 960?
60
What is the greatest common factor of 26754588 and 1421?
1421
Calculate the greatest common factor of 496 and 103615206.
62
Calculate the highest common factor of 111 and 268061485.
37
What is the greatest common factor of 19226606 and 518?
518
What is the greatest common factor of 61490 and 110719840?
4730
What is the highest common divisor of 13482 and 23618966?
1498
What is the greatest common factor of 160 and 25799980?
20
What is the greatest common divisor of 459 and 124879941?
27
What is the greatest common factor of 49065700 and 1788?
596
Calculate the greatest common divisor of 114 and 331203.
3
Calculate the greatest common factor of 2022685 and 40.
5
Calculate the highest common factor of 164 and 166498.
2
Calculate the greatest common factor of 690 and 74036862.
138
What is the highest common factor of 188 and 23116292?
188
Calculate the highest common divisor of 2555813 and 188.
47
What is the greatest common factor of 5276 and 2450702?
2638
Calculate the greatest common divisor of 24128309 and 38.
19
Calculate the greatest common divisor of 3616 and 13252.
4
Calculate the highest common divisor of 4910 and 12788095.
2455
Calculate the highest common divisor of 2029077 and 8.
1
Calculate the highest common divisor of 3937262 and 20986.
14
Calculate the highest common factor of 26839868 and 44.
44
What is the greatest common factor of 132 and 33300564?
132
Calculate the greatest common divisor of 180982 and 2839.
17
What is the greatest common divisor of 12016 and 50304?
16
Calculate the greatest common divisor of 13830044 and 17.
17
What is the greatest common factor of 2277312 and 1488?
48
Calculate the greatest common divisor of 39351 and 43186.
13
What is the greatest common factor of 90778264 and 656?
328
Calculate the greatest common divisor of 59792 and 22496.
592
What is the highest common divisor of 2669902 and 12994?
146
Calculate the greatest common divisor of 140698 and 7216578.
1366
What is the highest common divisor of 10399937 and 9847?
43
Calculate the highest common divisor of 392369 and 2.
1
What is the greatest common divisor of 288 and 31298304?
96
What is the greatest common divisor of 682 and 1620934975?
341
Calculate the greatest common divisor of 847 and 5064939.
121
Calculate the greatest common divisor of 17395296 and 252.
12
What is the highest common divisor of 9483300 and 369?
369
What is the greatest common factor of 1640 and 23723092?
164
What is the greatest common factor of 2597710 and 4?
2
What is the highest common divisor of 11134 and 1463171?
19
What is the highest common factor of 530909 and 874?
23
Calculate the greatest common divisor of 1693039 and 2021.
43
What is the greatest common divisor of 204934275 and 195?
195
What is the greatest common factor of 1769601 and 2583?
123
Calculate the highest common divisor of 17 and 616614497.
17
Calculate the greatest common divisor of 5566743 and 326781.
5733
Calculate the highest common divisor of 1571136 and 1216.
64
Calculate the greatest common factor of 3592655 and 17347.
913
What is the greatest common factor of 7980 and 4020780?
1140
Calculate the highest common factor of 162352 and 2311472.
1168
What is the greatest common divisor of 155284520 and 77245?
11035
Calculate the highest common divisor of 69939119 and 458.
229
Calculate the greatest common divisor of 332087909 and 95.
19
Calculate the highest common factor of 253 and 5303.
1
What is the greatest common factor of 987 and 3122847?
21
What is the highest common factor of 522509 and 273?
13
Calculate the highest common factor of 67465626 and 289518.
3966
What is the highest common factor of 575851 and 6371?
23
What is the greatest common factor of 74672 and 119808?
208
What is the greatest common divisor of 1166 and 15316152?
106
Calculate the highest common divisor of 353696760 and 460.
460
What is the highest common divisor of 3939552 and 2096?
16
Calculate the highest common divisor of 4949 and 18781758.
101
Calculate the greatest common divisor of 331809 and 15.
3
What is the greatest common factor of 66132 and 712800?
396
What is the highest common divisor of 720067041 and 9?
9
What is the greatest common factor of 103 and 49747?
1
Calculate the greatest common factor of 1985 and 326713135.
1985
Calculate the greatest common factor of 259941 and 8745.
33
Calculate the greatest common factor of 9246 and 2327580.
402
What is the greatest common factor of 1334814 and 3052?
218
Calculate the highest common factor of 41160 and 2415063.
1029
What is the highest common factor of 20697027 and 897?
39
Calculate the greatest common divisor of 31668130 and 31382.
1846
Calculate the greatest common factor of 9720 and 1489860.
540
What is the highest common factor of 79481224 and 16?
8
What is the highest common divisor of 555156230 and 17070?
5690
What is the greatest common factor of 62745 and 608849?
89
Calculate the greatest common divisor of 177 and 5069811.
177
What is the greatest common factor of 25143190 and 1660?
830
Calculate the highest common factor of 341839449 and 606.
303
What is the highest common factor of 21932 and 8476?
4
What is the highest common divisor of 33058 and 116?
2
Calculate the greatest common factor of 1884 and 2267376.
12
Calculate the greatest common divisor of 191 and 2270754688.
191
Calculate the greatest common factor of 4460 and 1226180.
20
Calculate the greatest common divisor of 394 and 775471982.
394
What is the greatest common factor of 464094 and 285798?
2622
Calculate the highest common divisor of 19576066 and 62.
62
What is the greatest common factor of 4108 and 13516438?
26
What is the highest common factor of 96246 and 442962?
18
Calculate the highest common factor of 72185256 and 4446.
4446
What is the greatest common divisor of 8362 and 1852553?
37
Calculate the highest common divisor of 292 and 14382022.
146
Calculate the greatest common divisor of 116 and 30988211.
29
What is the greatest common factor of 21423 and 260936?
193
Calculate the greatest common factor of 335070 and 35478.
3942
Calculate the highest common factor of 679847 and 1309.
119
Calculate the greatest common factor of 437693930 and 3788.
1894
What is the highest common factor of 416815 and 29?
1
What is the greatest common factor of 4740090 and 186?
6
What is the greatest common factor of 561 and 2386098?
33
What is the highest common factor of 347393 and 48503?
41
What is the greatest common factor of 275109688 and 56?
56
Calculate the greatest common divisor of 16283207 and 1142.
571
Calculate the greatest common divisor of 1601 and 128409806.
1601
Calculate the highest common divisor of 45 and 85173705.
45
What is the greatest common divisor of 52476870 and 550?
10
What is the greatest common divisor of 1711824 and 32908?
76
Calculate the greatest common divisor of 852300 and 1150.
50
Calculate the highest common factor of 1421523 and 350613.
1467
What is the greatest common factor of 4326 and 3398794?
1442
What is the greatest common divisor of 1299692 and 154468?
292
What is the highest common divisor of 4464 and 1656273456?
4464
What is the greatest common factor of 42 and 224002566?
6
What is the greatest common divisor of 5803136 and 1024?
128
What is the greatest common divisor of 275 and 6359386?
11
Calculate the highest common factor of 45718400 and 175.
175
Calculate the highest common divisor of 32 and 1054020064.
32
Calculate the greatest common factor of 7472 and 3661747.
467
What is the greatest common factor of 3376 and 2929072?
16
What is the highest common factor of 2471144 and 324?
4
What is the highest common factor of 38621800 and 100?
100
Calculate the greatest common divisor of 2241112296 and 24.
24
What is the greatest common factor of 36230761 and 4753?
679
What is the highest common divi